200.155.5.70 - - [16/Feb/2012:03:32:39 +0000] "HEAD /index.html HTTP/1.0" 200 19 "-" "-"
187.4.8.89 - - [16/Feb/2012:09:35:30 +0000] "GET /novo HTTP/1.1" 301 617 "-" "Mozilla/4.0 (compatible; MSIE 8.0; Windows NT 5.1; Trident/4.0)"
187.4.8.89 - - [16/Feb/2012:09:35:35 +0000] "GET /novo/img/menuClientes.png HTTP/1.1" 200 3919 "http://www.ielider.com.br/novo/" "Mozilla/4.0 (compatible; MSIE 8.0; Windows NT 5.1; Trident/4.0)"
187.4.8.89 - - [16/Feb/2012:09:35:35 +0000] "GET /novo/img/menuHome.png HTTP/1.1" 200 3846 "http://www.ielider.com.br/novo/" "Mozilla/4.0 (compatible; MSIE 8.0; Windows NT 5.1; Trident/4.0)"
187.4.8.89 - - [16/Feb/2012:09:35:35 +0000] "GET /novo/img/menuServicos.png HTTP/1.1" 200 4002 "http://www.ielider.com.br/novo/" "Mozilla/4.0 (compatible; MSIE 8.0; Windows NT 5.1; Trident/4.0)"
187.4.8.89 - - [16/Feb/2012:09:35:35 +0000] "GET /novo/css/estilo.css HTTP/1.1" 200 2245 "http://www.ielider.com.br/novo/" "Mozilla/4.0 (compatible; MSIE 8.0; Windows NT 5.1; Trident/4.0)"
187.4.8.89 - - [16/Feb/2012:09:35:35 +0000] "GET /novo/index.php HTTP/1.1" 200 32836 "-" "Mozilla/4.0 (compatible; MSIE 8.0; Windows NT 5.1; Trident/4.0)"
187.4.8.89 - - [16/Feb/2012:09:35:35 +0000] "GET /novo/img/menuNoticias.png HTTP/1.1" 200 3901 "http://www.ielider.com.br/novo/" "Mozilla/4.0 (compatible; MSIE 8.0; Windows NT 5.1; Trident/4.0)"
187.4.8.89 - - [16/Feb/2012:09:35:35 +0000] "GET /novo/img/menuOrcamento.png HTTP/1.1" 200 3996 "http://www.ielider.com.br/novo/" "Mozilla/4.0 (compatible; MSIE 8.0; Windows NT 5.1; Trident/4.0)"
187.4.8.89 - - [16/Feb/2012:09:35:35 +0000] "GET /novo/img/menuContato.png HTTP/1.1" 200 3904 "http://www.ielider.com.br/novo/" "Mozilla/4.0 (compatible; MSIE 8.0; Windows NT 5.1; Trident/4.0)"
187.4.8.89 - - [16/Feb/2012:09:35:35 +0000] "GET /novo/img/tituloEmpresa.png HTTP/1.1" 200 5767 "http://www.ielider.com.br/novo/" "Mozilla/4.0 (compatible; MSIE 8.0; Windows NT 5.1; Trident/4.0)"
187.4.8.89 - - [16/Feb/2012:09:35:35 +0000] "GET /novo/img/logoLider.png HTTP/1.1" 200 20782 "http://www.ielider.com.br/novo/" "Mozilla/4.0 (compatible; MSIE 8.0; Windows NT 5.1; Trident/4.0)"
187.4.8.89 - - [16/Feb/2012:09:35:35 +0000] "GET /novo/css/index.css HTTP/1.1" 200 4511 "http://www.ielider.com.br/novo/" "Mozilla/4.0 (compatible; MSIE 8.0; Windows NT 5.1; Trident/4.0)"
187.4.8.89 - - [16/Feb/2012:09:35:36 +0000] "GET /novo/img/tituloLinksUteis.png HTTP/1.1" 200 4518 "http://www.ielider.com.br/novo/" "Mozilla/4.0 (compatible; MSIE 8.0; Windows NT 5.1; Trident/4.0)"
187.4.8.89 - - [16/Feb/2012:09:35:36 +0000] "GET /novo/gerenciador/documentos/pq_201202100530431000.jpg HTTP/1.1" 200 9523 "http://www.ielider.com.br/novo/" "Mozilla/4.0 (compatible; MSIE 8.0; Windows NT 5.1; Trident/4.0)"
187.4.8.89 - - [16/Feb/2012:09:35:36 +0000] "GET /novo/gerenciador/documentos/pq_201112010327481000.jpg HTTP/1.1" 200 10788 "http://www.ielider.com.br/novo/" "Mozilla/4.0 (compatible; MSIE 8.0; Windows NT 5.1; Trident/4.0)"
187.4.8.89 - - [16/Feb/2012:09:35:36 +0000] "GET /novo/gerenciador/documentos/pq_201202150517331000.jpg HTTP/1.1" 200 6502 "http://www.ielider.com.br/novo/" "Mozilla/4.0 (compatible; MSIE 8.0; Windows NT 5.1; Trident/4.0)"
187.4.8.89 - - [16/Feb/2012:09:35:36 +0000] "GET /novo/gerenciador/documentos/pq_201112010336071000.jpg HTTP/1.1" 200 7918 "http://www.ielider.com.br/novo/" "Mozilla/4.0 (compatible; MSIE 8.0; Windows NT 5.1; Trident/4.0)"
187.4.8.89 - - [16/Feb/2012:09:35:36 +0000] "GET /novo/img/ponto.jpg HTTP/1.1" 200 956 "http://www.ielider.com.br/novo/" "Mozilla/4.0 (compatible; MSIE 8.0; Windows NT 5.1; Trident/4.0)"
187.4.8.89 - - [16/Feb/2012:09:35:36 +0000] "GET /novo/gerenciador/documentos/pq_201111210132491000.jpg HTTP/1.1" 200 8709 "http://www.ielider.com.br/novo/" "Mozilla/4.0 (compatible; MSIE 8.0; Windows NT 5.1; Trident/4.0)"
187.4.8.89 - - [16/Feb/2012:09:35:36 +0000] "GET /novo/gerenciador/documentos/pq_201201310847551000.jpg HTTP/1.1" 200 15166 "http://www.ielider.com.br/novo/" "Mozilla/4.0 (compatible; MSIE 8.0; Windows NT 5.1; Trident/4.0)"
187.4.8.89 - - [16/Feb/2012:09:35:36 +0000] "GET /novo/img/txtRodape.png HTTP/1.1" 200 9597 "http://www.ielider.com.br/novo/" "Mozilla/4.0 (compatible; MSIE 8.0; Windows NT 5.1; Trident/4.0)"
187.4.8.89 - - [16/Feb/2012:09:35:36 +0000] "GET /novo/img/logoF2pro.png HTTP/1.1" 200 4106 "http://www.ielider.com.br/novo/" "Mozilla/4.0 (compatible; MSIE 8.0; Windows NT 5.1; Trident/4.0)"
187.4.8.89 - - [16/Feb/2012:09:35:37 +0000] "GET /novo/img/fundoTrabalhos.jpg HTTP/1.1" 200 5476 "http://www.ielider.com.br/novo/" "Mozilla/4.0 (compatible; MSIE 8.0; Windows NT 5.1; Trident/4.0)"
187.4.8.89 - - [16/Feb/2012:09:35:37 +0000] "GET /novo/img/fundoMenu.png HTTP/1.1" 200 4756 "http://www.ielider.com.br/novo/" "Mozilla/4.0 (compatible; MSIE 8.0; Windows NT 5.1; Trident/4.0)"
187.4.8.89 - - [16/Feb/2012:09:35:37 +0000] "GET /novo/img/topoTopo.jpg HTTP/1.1" 200 931 "http://www.ielider.com.br/novo/" "Mozilla/4.0 (compatible; MSIE 8.0; Windows NT 5.1; Trident/4.0)"
187.4.8.89 - - [16/Feb/2012:09:35:37 +0000] "GET /novo/img/fundo_rodape.png HTTP/1.1" 200 3481 "http://www.ielider.com.br/novo/" "Mozilla/4.0 (compatible; MSIE 8.0; Windows NT 5.1; Trident/4.0)"
187.4.8.89 - - [16/Feb/2012:09:35:37 +0000] "GET /novo/img/fundoTituloTrabalho.png HTTP/1.1" 200 3423 "http://www.ielider.com.br/novo/" "Mozilla/4.0 (compatible; MSIE 8.0; Windows NT 5.1; Trident/4.0)"
187.4.8.89 - - [16/Feb/2012:09:35:37 +0000] "GET /novo/img/fundoNews.png HTTP/1.1" 200 4062 "http://www.ielider.com.br/novo/" "Mozilla/4.0 (compatible; MSIE 8.0; Windows NT 5.1; Trident/4.0)"
187.4.8.89 - - [16/Feb/2012:09:35:38 +0000] "GET /novo/img/imgTopo.jpg HTTP/1.1" 200 76961 "http://www.ielider.com.br/novo/" "Mozilla/4.0 (compatible; MSIE 8.0; Windows NT 5.1; Trident/4.0)"
187.4.8.89 - - [16/Feb/2012:09:35:39 +0000] "GET /novo/img/favicon.ico HTTP/1.1" 200 4025 "-" "Mozilla/4.0 (compatible; MSIE 8.0; Windows NT 5.1; Trident/4.0)"
150.70.75.33 - - [16/Feb/2012:09:37:58 +0000] "GET /novo HTTP/1.0" 301 567 "-" "Mozilla/4.0 (compatible; MSIE 6.0; Windows NT 5.1)"
187.4.8.89 - - [16/Feb/2012:09:39:20 +0000] "GET /novo/verNoticias.php?pag=noticias&not=18 HTTP/1.1" 200 10833 "http://www.ielider.com.br/novo/" "Mozilla/4.0 (compatible; MSIE 8.0; Windows NT 5.1; Trident/4.0)"
187.4.8.89 - - [16/Feb/2012:09:39:20 +0000] "GET /novo/css/noticias.css HTTP/1.1" 200 2199 "http://www.ielider.com.br/novo/noticia/18/Instituto%20Tecnológico%20Vale%20.html" "Mozilla/4.0 (compatible; MSIE 8.0; Windows NT 5.1; Trident/4.0)"
187.4.8.89 - - [16/Feb/2012:09:39:21 +0000] "GET /novo/css/lightbox/jquery.lightbox-0.5.css HTTP/1.1" 200 3085 "http://www.ielider.com.br/novo/noticia/18/Instituto%20Tecnológico%20Vale%20.html" "Mozilla/4.0 (compatible; MSIE 8.0; Windows NT 5.1; Trident/4.0)"
187.4.8.89 - - [16/Feb/2012:09:39:22 +0000] "GET /novo/js/lightbox/jquery.lightbox-0.5.js HTTP/1.1" 200 21040 "http://www.ielider.com.br/novo/noticia/18/Instituto%20Tecnológico%20Vale%20.html" "Mozilla/4.0 (compatible; MSIE 8.0; Windows NT 5.1; Trident/4.0)"
187.4.8.89 - - [16/Feb/2012:09:39:23 +0000] "GET /novo/js/jquery-1.4.2.min.js HTTP/1.1" 200 73008 "http://www.ielider.com.br/novo/noticia/18/Instituto%20Tecnológico%20Vale%20.html" "Mozilla/4.0 (compatible; MSIE 8.0; Windows NT 5.1; Trident/4.0)"
187.4.8.89 - - [16/Feb/2012:09:39:23 +0000] "GET /novo/img/fundoImgEmpresa.jpg HTTP/1.1" 200 2312 "http://www.ielider.com.br/novo/noticia/18/Instituto%20Tecnológico%20Vale%20.html" "Mozilla/4.0 (compatible; MSIE 8.0; Windows NT 5.1; Trident/4.0)"
187.4.8.89 - - [16/Feb/2012:09:39:23 +0000] "GET /novo/img/voltar.jpg HTTP/1.1" 200 1257 "http://www.ielider.com.br/novo/noticia/18/Instituto%20Tecnológico%20Vale%20.html" "Mozilla/4.0 (compatible; MSIE 8.0; Windows NT 5.1; Trident/4.0)"
150.70.172.104 - - [16/Feb/2012:09:39:23 +0000] "GET /novo/index.php HTTP/1.0" 200 32767 "-" "Mozilla/4.0 (compatible; MSIE 6.0; Windows NT 5.1)"
187.4.8.89 - - [16/Feb/2012:09:39:23 +0000] "GET /novo/img/favicon.ico HTTP/1.1" 200 4025 "-" "Mozilla/4.0 (compatible; MSIE 8.0; Windows NT 5.1; Trident/4.0)"
187.4.8.89 - - [16/Feb/2012:09:39:29 +0000] "GET /novo/index.php?pag=index HTTP/1.1" 200 33190 "http://www.ielider.com.br/novo/noticia/18/Instituto%20Tecnológico%20Vale%20.html" "Mozilla/4.0 (compatible; MSIE 8.0; Windows NT 5.1; Trident/4.0)"
187.4.8.89 - - [16/Feb/2012:09:39:34 +0000] "GET /novo/img/tituloEmpresaAtivo.png HTTP/1.1" 200 343 "http://www.ielider.com.br/novo/index.html" "Mozilla/4.0 (compatible; MSIE 8.0; Windows NT 5.1; Trident/4.0)"
187.4.8.89 - - [16/Feb/2012:09:39:36 +0000] "GET /novo/img/tituloLinksUteisAtivo.png HTTP/1.1" 200 346 "http://www.ielider.com.br/novo/index.html" "Mozilla/4.0 (compatible; MSIE 8.0; Windows NT 5.1; Trident/4.0)"
187.4.8.89 - - [16/Feb/2012:09:39:36 +0000] "GET /novo/img/tituloEmpresaAtivo.png HTTP/1.1" 200 343 "http://www.ielider.com.br/novo/index.html" "Mozilla/4.0 (compatible; MSIE 8.0; Windows NT 5.1; Trident/4.0)"
187.4.8.89 - - [16/Feb/2012:09:39:41 +0000] "GET /novo/img/tituloEmpresaAtivo.png HTTP/1.1" 200 343 "http://www.ielider.com.br/novo/index.html" "Mozilla/4.0 (compatible; MSIE 8.0; Windows NT 5.1; Trident/4.0)"
187.4.8.89 - - [16/Feb/2012:09:39:46 +0000] "GET /novo/img/tituloLinksUteisAtivo.png HTTP/1.1" 206 1707 "http://www.ielider.com.br/novo/index.html" "Mozilla/4.0 (compatible; MSIE 8.0; Windows NT 5.1; Trident/4.0)"
187.4.8.89 - - [16/Feb/2012:09:39:47 +0000] "GET /novo/img/tituloEmpresaAtivo.png HTTP/1.1" 200 343 "http://www.ielider.com.br/novo/index.html" "Mozilla/4.0 (compatible; MSIE 8.0; Windows NT 5.1; Trident/4.0)"
187.4.8.89 - - [16/Feb/2012:09:39:50 +0000] "GET /novo/orcamento.php?pag=orcamento HTTP/1.1" 200 20311 "http://www.ielider.com.br/novo/index.html" "Mozilla/4.0 (compatible; MSIE 8.0; Windows NT 5.1; Trident/4.0)"
187.4.8.89 - - [16/Feb/2012:09:39:50 +0000] "GET /novo/css/orcamento.css HTTP/1.1" 200 3053 "http://www.ielider.com.br/novo/orcamento.html" "Mozilla/4.0 (compatible; MSIE 8.0; Windows NT 5.1; Trident/4.0)"
187.4.8.89 - - [16/Feb/2012:09:39:51 +0000] "GET /novo/img/linha.jpg HTTP/1.1" 200 975 "http://www.ielider.com.br/novo/orcamento.html" "Mozilla/4.0 (compatible; MSIE 8.0; Windows NT 5.1; Trident/4.0)"
187.4.8.89 - - [16/Feb/2012:09:39:51 +0000] "GET /novo/img/enviar.png HTTP/1.1" 200 3955 "http://www.ielider.com.br/novo/orcamento.html" "Mozilla/4.0 (compatible; MSIE 8.0; Windows NT 5.1; Trident/4.0)"
187.4.8.89 - - [16/Feb/2012:09:39:51 +0000] "GET /novo/img/fundoEstado.png HTTP/1.1" 200 3631 "http://www.ielider.com.br/novo/orcamento.html" "Mozilla/4.0 (compatible; MSIE 8.0; Windows NT 5.1; Trident/4.0)"
187.4.8.89 - - [16/Feb/2012:09:39:51 +0000] "GET /novo/img/fundoCampo.png HTTP/1.1" 200 3729 "http://www.ielider.com.br/novo/orcamento.html" "Mozilla/4.0 (compatible; MSIE 8.0; Windows NT 5.1; Trident/4.0)"
187.4.8.89 - - [16/Feb/2012:09:39:51 +0000] "GET /novo/img/fundoCidade.png HTTP/1.1" 200 3616 "http://www.ielider.com.br/novo/orcamento.html" "Mozilla/4.0 (compatible; MSIE 8.0; Windows NT 5.1; Trident/4.0)"
187.4.8.89 - - [16/Feb/2012:09:39:51 +0000] "GET /novo/img/fundoMensagem.png HTTP/1.1" 200 4357 "http://www.ielider.com.br/novo/orcamento.html" "Mozilla/4.0 (compatible; MSIE 8.0; Windows NT 5.1; Trident/4.0)"
187.4.8.89 - - [16/Feb/2012:09:39:56 +0000] "GET /novo/servicos.php?pag=servicos&paginacao=1 HTTP/1.1" 200 16202 "http://www.ielider.com.br/novo/orcamento.html" "Mozilla/4.0 (compatible; MSIE 8.0; Windows NT 5.1; Trident/4.0)"
187.4.8.89 - - [16/Feb/2012:09:39:56 +0000] "GET /novo/css/servicos.css HTTP/1.1" 200 1671 "http://www.ielider.com.br/novo/1/servicos.html" "Mozilla/4.0 (compatible; MSIE 8.0; Windows NT 5.1; Trident/4.0)"
187.4.8.89 - - [16/Feb/2012:09:39:59 +0000] "GET /novo/index.php?pag=index HTTP/1.1" 200 33155 "http://www.ielider.com.br/novo/1/servicos.html" "Mozilla/4.0 (compatible; MSIE 8.0; Windows NT 5.1; Trident/4.0)"
187.4.8.89 - - [16/Feb/2012:09:40:01 +0000] "GET /novo/contato.php?pag=contato HTTP/1.1" 200 22437 "http://www.ielider.com.br/novo/index.html" "Mozilla/4.0 (compatible; MSIE 8.0; Windows NT 5.1; Trident/4.0)"
187.4.8.89 - - [16/Feb/2012:09:40:01 +0000] "GET /novo/css/contato.css HTTP/1.1" 200 3048 "http://www.ielider.com.br/novo/contato.html" "Mozilla/4.0 (compatible; MSIE 8.0; Windows NT 5.1; Trident/4.0)"
187.4.8.89 - - [16/Feb/2012:09:40:01 +0000] "GET /novo/img/fundoMapa.png HTTP/1.1" 200 4973 "http://www.ielider.com.br/novo/contato.html" "Mozilla/4.0 (compatible; MSIE 8.0; Windows NT 5.1; Trident/4.0)"
187.4.8.89 - - [16/Feb/2012:09:40:01 +0000] "GET /novo/img/fundoCodigo.png HTTP/1.1" 200 3677 "http://www.ielider.com.br/novo/contato.html" "Mozilla/4.0 (compatible; MSIE 8.0; Windows NT 5.1; Trident/4.0)"
187.4.8.89 - - [16/Feb/2012:09:40:01 +0000] "GET /novo/img/campoImagem.png HTTP/1.1" 200 3600 "http://www.ielider.com.br/novo/contato.html" "Mozilla/4.0 (compatible; MSIE 8.0; Windows NT 5.1; Trident/4.0)"
187.4.8.89 - - [16/Feb/2012:09:40:33 +0000] "GET /novo/orcamento.php?pag=orcamento HTTP/1.1" 200 20313 "http://www.ielider.com.br/novo/contato.html" "Mozilla/4.0 (compatible; MSIE 8.0; Windows NT 5.1; Trident/4.0)"
150.70.75.33 - - [16/Feb/2012:09:41:28 +0000] "GET /novo/img/favicon.ico HTTP/1.0" 200 3953 "-" "Mozilla/4.0 (compatible; MSIE 6.0; Windows NT 5.1)"
150.70.172.104 - - [16/Feb/2012:09:41:59 +0000] "GET /novo/js/jquery-1.4.2.min.js HTTP/1.0" 200 72820 "-" "Mozilla/4.0 (compatible; MSIE 6.0; Windows NT 5.1)"
150.70.172.104 - - [16/Feb/2012:09:42:01 +0000] "GET /novo/js/jquery-1.4.2.min.js HTTP/1.0" 200 72820 "-" "Mozilla/4.0 (compatible; MSIE 6.0; Windows NT 5.1)"
150.70.172.104 - - [16/Feb/2012:09:42:22 +0000] "GET /novo/verNoticias.php?pag=noticias&not=18 HTTP/1.0" 200 10470 "-" "Mozilla/4.0 (compatible; MSIE 6.0; Windows NT 5.1)"
150.70.172.104 - - [16/Feb/2012:09:42:24 +0000] "GET /novo/verNoticias.php?pag=noticias&not=18 HTTP/1.0" 200 10470 "-" "Mozilla/4.0 (compatible; MSIE 6.0; Windows NT 5.1)"
150.70.172.104 - - [16/Feb/2012:09:42:51 +0000] "GET /novo/servicos.php?pag=servicos&paginacao=1 HTTP/1.0" 200 15825 "-" "Mozilla/4.0 (compatible; MSIE 6.0; Windows NT 5.1)"
187.4.8.89 - - [16/Feb/2012:09:43:28 +0000] "POST /novo/enviaOrcamento.php HTTP/1.1" 200 854739 "http://www.ielider.com.br/novo/orcamento.html" "Mozilla/4.0 (compatible; MSIE 8.0; Windows NT 5.1; Trident/4.0)"
187.4.8.89 - - [16/Feb/2012:09:43:30 +0000] "GET /novo/orcamento.php?erroorcamento=2&pag=orcamento HTTP/1.1" 200 20300 "-" "Mozilla/4.0 (compatible; MSIE 8.0; Windows NT 5.1; Trident/4.0)"
187.4.8.89 - - [16/Feb/2012:09:43:45 +0000] "GET /novo/noticias.php?pag=noticias&paginacao=1 HTTP/1.1" 200 13081 "http://www.ielider.com.br/novo/campos/orcamento.html" "Mozilla/4.0 (compatible; MSIE 8.0; Windows NT 5.1; Trident/4.0)"
187.4.8.89 - - [16/Feb/2012:09:43:47 +0000] "GET /novo/contato.php?pag=contato HTTP/1.1" 200 22442 "http://www.ielider.com.br/novo/1/noticias.html" "Mozilla/4.0 (compatible; MSIE 8.0; Windows NT 5.1; Trident/4.0)"
150.70.75.33 - - [16/Feb/2012:09:44:33 +0000] "GET /novo/js/lightbox/jquery.lightbox-0.5.js HTTP/1.0" 200 20852 "-" "Mozilla/4.0 (compatible; MSIE 6.0; Windows NT 5.1)"
187.4.8.89 - - [16/Feb/2012:09:44:38 +0000] "POST /novo/enviaContato.php HTTP/1.1" 200 1315 "http://www.ielider.com.br/novo/contato.html" "Mozilla/4.0 (compatible; MSIE 8.0; Windows NT 5.1; Trident/4.0)"
187.4.8.89 - - [16/Feb/2012:09:44:41 +0000] "GET /novo/contato.php?erro=1&pag=contato HTTP/1.1" 200 22469 "-" "Mozilla/4.0 (compatible; MSIE 8.0; Windows NT 5.1; Trident/4.0)"
150.70.172.104 - - [16/Feb/2012:09:44:49 +0000] "GET /novo/js/lightbox/jquery.lightbox-0.5.js HTTP/1.0" 200 20852 "-" "Mozilla/4.0 (compatible; MSIE 6.0; Windows NT 5.1)"
150.70.172.104 - - [16/Feb/2012:09:44:49 +0000] "GET /novo/js/jquery-1.4.2.min.js HTTP/1.0" 200 72820 "-" "Mozilla/4.0 (compatible; MSIE 6.0; Windows NT 5.1)"
187.4.8.89 - - [16/Feb/2012:09:45:18 +0000] "POST /novo/enviaContato.php HTTP/1.1" 200 1300 "http://www.ielider.com.br/novo/erro/contato.html" "Mozilla/4.0 (compatible; MSIE 8.0; Windows NT 5.1; Trident/4.0)"
187.4.8.89 - - [16/Feb/2012:09:45:21 +0000] "GET /novo/contato.php?erro=1&pag=contato HTTP/1.1" 200 22469 "-" "Mozilla/4.0 (compatible; MSIE 8.0; Windows NT 5.1; Trident/4.0)"
150.70.75.33 - - [16/Feb/2012:09:45:35 +0000] "GET /novo/js/lightbox/jquery.lightbox-0.5.js HTTP/1.0" 200 20852 "-" "Mozilla/4.0 (compatible; MSIE 6.0; Windows NT 5.1)"
187.4.8.89 - - [16/Feb/2012:09:45:37 +0000] "GET /novo/index.php?pag=index HTTP/1.1" 200 33157 "http://www.ielider.com.br/novo/erro/contato.html" "Mozilla/4.0 (compatible; MSIE 8.0; Windows NT 5.1; Trident/4.0)"
187.4.8.89 - - [16/Feb/2012:09:45:58 +0000] "GET /novo/orcamento.php?pag=orcamento HTTP/1.1" 200 20311 "http://www.ielider.com.br/novo/index.html" "Mozilla/4.0 (compatible; MSIE 8.0; Windows NT 5.1; Trident/4.0)"
187.4.8.89 - - [16/Feb/2012:09:47:53 +0000] "GET /novo/noticias.php?pag=noticias&paginacao=1 HTTP/1.1" 200 13074 "http://www.ielider.com.br/novo/orcamento.html" "Mozilla/4.0 (compatible; MSIE 8.0; Windows NT 5.1; Trident/4.0)"
187.4.8.89 - - [16/Feb/2012:09:47:56 +0000] "GET /novo/orcamento.php?pag=orcamento HTTP/1.1" 200 20047 "http://www.ielider.com.br/novo/index.html" "Mozilla/4.0 (compatible; MSIE 8.0; Windows NT 5.1; Trident/4.0)"
187.4.8.89 - - [16/Feb/2012:09:47:59 +0000] "GET /novo/index.php?pag=index HTTP/1.1" 200 33154 "http://www.ielider.com.br/novo/orcamento.html" "Mozilla/4.0 (compatible; MSIE 8.0; Windows NT 5.1; Trident/4.0)"
187.4.8.89 - - [16/Feb/2012:09:48:06 +0000] "GET /novo/img/tituloEmpresaAtivo.png HTTP/1.1" 200 343 "http://www.ielider.com.br/novo/index.html" "Mozilla/4.0 (compatible; MSIE 8.0; Windows NT 5.1; Trident/4.0)"
187.4.8.89 - - [16/Feb/2012:09:48:08 +0000] "GET /novo/css/empresa.css HTTP/1.1" 200 1382 "http://www.ielider.com.br/novo/empresa.html" "Mozilla/4.0 (compatible; MSIE 8.0; Windows NT 5.1; Trident/4.0)"
187.4.8.89 - - [16/Feb/2012:09:48:08 +0000] "GET /novo/empresa.php?pag=empresa HTTP/1.1" 200 23308 "http://www.ielider.com.br/novo/index.html" "Mozilla/4.0 (compatible; MSIE 8.0; Windows NT 5.1; Trident/4.0)"
187.4.8.89 - - [16/Feb/2012:09:48:08 +0000] "GET /novo/css/caroussel/skin4.css HTTP/1.1" 200 4891 "http://www.ielider.com.br/novo/empresa.html" "Mozilla/4.0 (compatible; MSIE 8.0; Windows NT 5.1; Trident/4.0)"
187.4.8.89 - - [16/Feb/2012:09:48:10 +0000] "GET /novo/js/caroussel/jquery.jcarousel.min.js HTTP/1.1" 200 16628 "http://www.ielider.com.br/novo/empresa.html" "Mozilla/4.0 (compatible; MSIE 8.0; Windows NT 5.1; Trident/4.0)"
187.4.8.89 - - [16/Feb/2012:09:48:10 +0000] "GET /novo/gerenciador/documentos/pq_201111210121281000.jpg HTTP/1.1" 200 8222 "http://www.ielider.com.br/novo/empresa.html" "Mozilla/4.0 (compatible; MSIE 8.0; Windows NT 5.1; Trident/4.0)"
187.4.8.89 - - [16/Feb/2012:09:48:11 +0000] "GET /novo/gerenciador/documentos/pq_201111210121191000.jpg HTTP/1.1" 200 8338 "http://www.ielider.com.br/novo/empresa.html" "Mozilla/4.0 (compatible; MSIE 8.0; Windows NT 5.1; Trident/4.0)"
187.4.8.89 - - [16/Feb/2012:09:48:11 +0000] "GET /novo/gerenciador/documentos/pq_201111210122161000.jpg HTTP/1.1" 200 9733 "http://www.ielider.com.br/novo/empresa.html" "Mozilla/4.0 (compatible; MSIE 8.0; Windows NT 5.1; Trident/4.0)"
187.4.8.89 - - [16/Feb/2012:09:48:11 +0000] "GET /novo/gerenciador/documentos/pq_201111210121521000.jpg HTTP/1.1" 200 9342 "http://www.ielider.com.br/novo/empresa.html" "Mozilla/4.0 (compatible; MSIE 8.0; Windows NT 5.1; Trident/4.0)"
187.4.8.89 - - [16/Feb/2012:09:48:11 +0000] "GET /novo/gerenciador/documentos/pq_201111210121331000.jpg HTTP/1.1" 200 11604 "http://www.ielider.com.br/novo/empresa.html" "Mozilla/4.0 (compatible; MSIE 8.0; Windows NT 5.1; Trident/4.0)"
187.4.8.89 - - [16/Feb/2012:09:48:12 +0000] "GET /novo/img/caroussel/prev.png HTTP/1.1" 200 54171 "http://www.ielider.com.br/novo/empresa.html" "Mozilla/4.0 (compatible; MSIE 8.0; Windows NT 5.1; Trident/4.0)"
150.70.172.104 - - [16/Feb/2012:09:48:12 +0000] "GET /novo/noticias.php?pag=noticias&paginacao=1 HTTP/1.0" 200 12697 "-" "Mozilla/4.0 (compatible; MSIE 6.0; Windows NT 5.1)"
187.4.8.89 - - [16/Feb/2012:09:48:13 +0000] "GET /novo/img/caroussel/next.png HTTP/1.1" 200 53927 "http://www.ielider.com.br/novo/empresa.html" "Mozilla/4.0 (compatible; MSIE 8.0; Windows NT 5.1; Trident/4.0)"
187.4.8.89 - - [16/Feb/2012:09:48:14 +0000] "GET /novo/gerenciador/documentos/pq_201111210124581000.jpg HTTP/1.1" 200 9539 "http://www.ielider.com.br/novo/empresa.html" "Mozilla/4.0 (compatible; MSIE 8.0; Windows NT 5.1; Trident/4.0)"
187.4.8.89 - - [16/Feb/2012:09:48:21 +0000] "GET /novo/gerenciador/documentos/gd_201111210122161000.jpg HTTP/1.1" 200 49828 "http://www.ielider.com.br/novo/empresa.html" "Mozilla/4.0 (compatible; MSIE 8.0; Windows NT 5.1; Trident/4.0)"
150.70.172.104 - - [16/Feb/2012:09:48:23 +0000] "GET /novo/noticias.php?pag=noticias&paginacao=1 HTTP/1.0" 200 12697 "-" "Mozilla/4.0 (compatible; MSIE 6.0; Windows NT 5.1)"
150.70.75.33 - - [16/Feb/2012:09:48:38 +0000] "GET /novo/orcamento.php?erroorcamento=2&pag=orcamento HTTP/1.0" 200 19979 "-" "Mozilla/4.0 (compatible; MSIE 6.0; Windows NT 5.1)"
187.4.8.89 - - [16/Feb/2012:09:48:53 +0000] "GET /novo/servicos.php?pag=servicos&paginacao=1 HTTP/1.1" 200 16200 "http://www.ielider.com.br/novo/empresa.html" "Mozilla/4.0 (compatible; MSIE 8.0; Windows NT 5.1; Trident/4.0)"
187.4.8.89 - - [16/Feb/2012:09:48:56 +0000] "GET /novo/verServicos.php?pag=servicos&ser=14 HTTP/1.1" 200 10470 "http://www.ielider.com.br/novo/1/servicos.html" "Mozilla/4.0 (compatible; MSIE 8.0; Windows NT 5.1; Trident/4.0)"
187.4.8.89 - - [16/Feb/2012:09:48:56 +0000] "GET /novo/img/adicionarOrcamento.jpg HTTP/1.1" 200 2110 "http://www.ielider.com.br/novo/servico/14/Instalação%20de%20transformador%20(particular%20e%20em%20via%20pública).html" "Mozilla/4.0 (compatible; MSIE 8.0; Windows NT 5.1; Trident/4.0)"
187.4.8.89 - - [16/Feb/2012:09:48:57 +0000] "GET /novo/gerenciador/documentos/gd_201112010511131000.jpg HTTP/1.1" 200 69197 "http://www.ielider.com.br/novo/servico/14/Instalação%20de%20transformador%20(particular%20e%20em%20via%20pública).html" "Mozilla/4.0 (compatible; MSIE 8.0; Windows NT 5.1; Trident/4.0)"
187.4.8.89 - - [16/Feb/2012:09:48:59 +0000] "GET /novo/css/clientes.css HTTP/1.1" 200 1018 "http://www.ielider.com.br/novo/1/clientes.html" "Mozilla/4.0 (compatible; MSIE 8.0; Windows NT 5.1; Trident/4.0)"
187.4.8.89 - - [16/Feb/2012:09:48:59 +0000] "GET /novo/clientes.php?pag=clientes&paginacao=1 HTTP/1.1" 200 12582 "http://www.ielider.com.br/novo/servico/14/Instalação%20de%20transformador%20(particular%20e%20em%20via%20pública).html" "Mozilla/4.0 (compatible; MSIE 8.0; Windows NT 5.1; Trident/4.0)"
187.4.8.89 - - [16/Feb/2012:09:48:59 +0000] "GET /novo/gerenciador/documentos/pq_201111211128581000.jpg HTTP/1.1" 200 6633 "http://www.ielider.com.br/novo/1/clientes.html" "Mozilla/4.0 (compatible; MSIE 8.0; Windows NT 5.1; Trident/4.0)"
187.4.8.89 - - [16/Feb/2012:09:48:59 +0000] "GET /novo/gerenciador/documentos/pq_201111211123251000.jpg HTTP/1.1" 200 9520 "http://www.ielider.com.br/novo/1/clientes.html" "Mozilla/4.0 (compatible; MSIE 8.0; Windows NT 5.1; Trident/4.0)"
187.4.8.89 - - [16/Feb/2012:09:48:59 +0000] "GET /novo/gerenciador/documentos/pq_201111211127201000.jpg HTTP/1.1" 200 5012 "http://www.ielider.com.br/novo/1/clientes.html" "Mozilla/4.0 (compatible; MSIE 8.0; Windows NT 5.1; Trident/4.0)"
187.4.8.89 - - [16/Feb/2012:09:48:59 +0000] "GET /novo/gerenciador/documentos/pq_201111211143281000.png HTTP/1.1" 200 22065 "http://www.ielider.com.br/novo/1/clientes.html" "Mozilla/4.0 (compatible; MSIE 8.0; Windows NT 5.1; Trident/4.0)"
187.4.8.89 - - [16/Feb/2012:09:48:59 +0000] "GET /novo/gerenciador/documentos/pq_201111211119181000.jpg HTTP/1.1" 200 6303 "http://www.ielider.com.br/novo/1/clientes.html" "Mozilla/4.0 (compatible; MSIE 8.0; Windows NT 5.1; Trident/4.0)"
187.4.8.89 - - [16/Feb/2012:09:48:59 +0000] "GET /novo/gerenciador/documentos/pq_201111211131031000.gif HTTP/1.1" 200 6405 "http://www.ielider.com.br/novo/1/clientes.html" "Mozilla/4.0 (compatible; MSIE 8.0; Windows NT 5.1; Trident/4.0)"
187.4.8.89 - - [16/Feb/2012:09:49:01 +0000] "GET /novo/gerenciador/documentos/pq_201111211120141000.png HTTP/1.1" 200 11845 "http://www.ielider.com.br/novo/1/clientes.html" "Mozilla/4.0 (compatible; MSIE 8.0; Windows NT 5.1; Trident/4.0)"
187.4.8.89 - - [16/Feb/2012:09:49:13 +0000] "GET /novo/contato.php?pag=contato HTTP/1.1" 200 22442 "http://www.ielider.com.br/novo/1/clientes.html" "Mozilla/4.0 (compatible; MSIE 8.0; Windows NT 5.1; Trident/4.0)"
150.70.64.196 - - [16/Feb/2012:09:49:24 +0000] "GET /novo/contato.php?erro=1&pag=contato HTTP/1.0" 200 22148 "-" "Mozilla/4.0 (compatible; MSIE 6.0; Windows NT 5.1)"
187.4.8.89 - - [16/Feb/2012:09:49:50 +0000] "GET /novo/orcamento.php?pag=orcamento HTTP/1.1" 200 20313 "http://www.ielider.com.br/novo/contato.html" "Mozilla/4.0 (compatible; MSIE 8.0; Windows NT 5.1; Trident/4.0)"
187.4.8.89 - - [16/Feb/2012:09:49:54 +0000] "GET /novo/noticias.php?pag=noticias&paginacao=1 HTTP/1.1" 200 13074 "http://www.ielider.com.br/novo/orcamento.html" "Mozilla/4.0 (compatible; MSIE 8.0; Windows NT 5.1; Trident/4.0)"
187.4.8.89 - - [16/Feb/2012:09:50:15 +0000] "GET /index.html HTTP/1.1" 200 1156 "-" "Mozilla/5.0 (Windows NT 5.1; rv:9.0.1) Gecko/20100101 Firefox/9.0.1"
187.4.8.89 - - [16/Feb/2012:09:50:19 +0000] "GET /novo/verNoticias.php?pag=noticias&not=18 HTTP/1.1" 200 10848 "http://www.ielider.com.br/novo/1/noticias.html" "Mozilla/4.0 (compatible; MSIE 8.0; Windows NT 5.1; Trident/4.0)"
187.4.8.89 - - [16/Feb/2012:09:50:25 +0000] "GET /1.png HTTP/1.1" 200 327986 "http://www.ielider.com.br/" "Mozilla/5.0 (Windows NT 5.1; rv:9.0.1) Gecko/20100101 Firefox/9.0.1"
187.4.8.89 - - [16/Feb/2012:09:50:25 +0000] "GET /favicon.ico HTTP/1.1" 404 307 "-" "Mozilla/5.0 (Windows NT 5.1; rv:9.0.1) Gecko/20100101 Firefox/9.0.1"
187.4.8.89 - - [16/Feb/2012:09:50:25 +0000] "GET /favicon.ico HTTP/1.1" 404 2167 "-" "Mozilla/5.0 (Windows NT 5.1; rv:9.0.1) Gecko/20100101 Firefox/9.0.1"
187.4.8.89 - - [16/Feb/2012:09:50:51 +0000] "GET /novo/img/menuServicos.png HTTP/1.1" 200 4084 "http://www.ielider.com.br/novo/" "Mozilla/5.0 (Windows NT 5.1; rv:9.0.1) Gecko/20100101 Firefox/9.0.1"
187.4.8.89 - - [16/Feb/2012:09:50:51 +0000] "GET /novo/img/menuHome.png HTTP/1.1" 200 3928 "http://www.ielider.com.br/novo/" "Mozilla/5.0 (Windows NT 5.1; rv:9.0.1) Gecko/20100101 Firefox/9.0.1"
187.4.8.89 - - [16/Feb/2012:09:50:51 +0000] "GET /novo/img/menuClientes.png HTTP/1.1" 200 4001 "http://www.ielider.com.br/novo/" "Mozilla/5.0 (Windows NT 5.1; rv:9.0.1) Gecko/20100101 Firefox/9.0.1"
187.4.8.89 - - [16/Feb/2012:09:50:51 +0000] "GET /novo/img/menuNoticias.png HTTP/1.1" 200 3983 "http://www.ielider.com.br/novo/" "Mozilla/5.0 (Windows NT 5.1; rv:9.0.1) Gecko/20100101 Firefox/9.0.1"
187.4.8.89 - - [16/Feb/2012:09:50:51 +0000] "GET /novo/css/estilo.css HTTP/1.1" 200 2312 "http://www.ielider.com.br/novo/" "Mozilla/5.0 (Windows NT 5.1; rv:9.0.1) Gecko/20100101 Firefox/9.0.1"
187.4.8.89 - - [16/Feb/2012:09:50:51 +0000] "GET /novo/img/favicon.ico HTTP/1.1" 200 4131 "-" "Mozilla/5.0 (Windows NT 5.1; rv:9.0.1) Gecko/20100101 Firefox/9.0.1"
187.4.8.89 - - [16/Feb/2012:09:50:51 +0000] "GET /novo/css/index.css HTTP/1.1" 200 4578 "http://www.ielider.com.br/novo/" "Mozilla/5.0 (Windows NT 5.1; rv:9.0.1) Gecko/20100101 Firefox/9.0.1"
187.4.8.89 - - [16/Feb/2012:09:50:51 +0000] "GET /novo/img/menuOrcamento.png HTTP/1.1" 200 4078 "http://www.ielider.com.br/novo/" "Mozilla/5.0 (Windows NT 5.1; rv:9.0.1) Gecko/20100101 Firefox/9.0.1"
187.4.8.89 - - [16/Feb/2012:09:50:51 +0000] "GET /novo/img/menuContato.png HTTP/1.1" 200 3986 "http://www.ielider.com.br/novo/" "Mozilla/5.0 (Windows NT 5.1; rv:9.0.1) Gecko/20100101 Firefox/9.0.1"
187.4.8.89 - - [16/Feb/2012:09:50:51 +0000] "GET /novo/index.php HTTP/1.1" 200 32948 "-" "Mozilla/5.0 (Windows NT 5.1; rv:9.0.1) Gecko/20100101 Firefox/9.0.1"
187.4.8.89 - - [16/Feb/2012:09:50:51 +0000] "GET /novo/img/logoLider.png HTTP/1.1" 200 20864 "http://www.ielider.com.br/novo/" "Mozilla/5.0 (Windows NT 5.1; rv:9.0.1) Gecko/20100101 Firefox/9.0.1"
187.4.8.89 - - [16/Feb/2012:09:50:52 +0000] "GET /novo/img/tituloEmpresa.png HTTP/1.1" 200 5849 "http://www.ielider.com.br/novo/" "Mozilla/5.0 (Windows NT 5.1; rv:9.0.1) Gecko/20100101 Firefox/9.0.1"
187.4.8.89 - - [16/Feb/2012:09:50:52 +0000] "GET /novo/img/tituloLinksUteis.png HTTP/1.1" 200 4600 "http://www.ielider.com.br/novo/" "Mozilla/5.0 (Windows NT 5.1; rv:9.0.1) Gecko/20100101 Firefox/9.0.1"
187.4.8.89 - - [16/Feb/2012:09:50:52 +0000] "GET /novo/gerenciador/documentos/pq_201202150517331000.jpg HTTP/1.1" 200 6584 "http://www.ielider.com.br/novo/" "Mozilla/5.0 (Windows NT 5.1; rv:9.0.1) Gecko/20100101 Firefox/9.0.1"
187.4.8.89 - - [16/Feb/2012:09:50:52 +0000] "GET /novo/gerenciador/documentos/pq_201202100530431000.jpg HTTP/1.1" 200 9605 "http://www.ielider.com.br/novo/" "Mozilla/5.0 (Windows NT 5.1; rv:9.0.1) Gecko/20100101 Firefox/9.0.1"
187.4.8.89 - - [16/Feb/2012:09:50:52 +0000] "GET /novo/gerenciador/documentos/pq_201112010327481000.jpg HTTP/1.1" 200 10870 "http://www.ielider.com.br/novo/" "Mozilla/5.0 (Windows NT 5.1; rv:9.0.1) Gecko/20100101 Firefox/9.0.1"
187.4.8.89 - - [16/Feb/2012:09:50:52 +0000] "GET /novo/gerenciador/documentos/pq_201112010336071000.jpg HTTP/1.1" 200 8000 "http://www.ielider.com.br/novo/" "Mozilla/5.0 (Windows NT 5.1; rv:9.0.1) Gecko/20100101 Firefox/9.0.1"
187.4.8.89 - - [16/Feb/2012:09:50:52 +0000] "GET /novo/gerenciador/documentos/pq_201111210132491000.jpg HTTP/1.1" 200 8791 "http://www.ielider.com.br/novo/" "Mozilla/5.0 (Windows NT 5.1; rv:9.0.1) Gecko/20100101 Firefox/9.0.1"
187.4.8.89 - - [16/Feb/2012:09:50:52 +0000] "GET /novo/gerenciador/documentos/pq_201201310847551000.jpg HTTP/1.1" 200 15248 "http://www.ielider.com.br/novo/" "Mozilla/5.0 (Windows NT 5.1; rv:9.0.1) Gecko/20100101 Firefox/9.0.1"
187.4.8.89 - - [16/Feb/2012:09:50:53 +0000] "GET /novo/img/ponto.jpg HTTP/1.1" 200 1038 "http://www.ielider.com.br/novo/" "Mozilla/5.0 (Windows NT 5.1; rv:9.0.1) Gecko/20100101 Firefox/9.0.1"
187.4.8.89 - - [16/Feb/2012:09:50:53 +0000] "GET /novo/img/topoTopo.jpg HTTP/1.1" 200 1027 "http://www.ielider.com.br/novo/css/estilo.css" "Mozilla/5.0 (Windows NT 5.1; rv:9.0.1) Gecko/20100101 Firefox/9.0.1"
187.4.8.89 - - [16/Feb/2012:09:50:53 +0000] "GET /novo/img/fundoMenu.png HTTP/1.1" 200 4852 "http://www.ielider.com.br/novo/css/estilo.css" "Mozilla/5.0 (Windows NT 5.1; rv:9.0.1) Gecko/20100101 Firefox/9.0.1"
187.4.8.89 - - [16/Feb/2012:09:50:53 +0000] "GET /novo/img/fundoNews.png HTTP/1.1" 200 4157 "http://www.ielider.com.br/novo/css/index.css" "Mozilla/5.0 (Windows NT 5.1; rv:9.0.1) Gecko/20100101 Firefox/9.0.1"
187.4.8.89 - - [16/Feb/2012:09:50:53 +0000] "GET /novo/img/fundoTrabalhos.jpg HTTP/1.1" 200 5571 "http://www.ielider.com.br/novo/css/index.css" "Mozilla/5.0 (Windows NT 5.1; rv:9.0.1) Gecko/20100101 Firefox/9.0.1"
187.4.8.89 - - [16/Feb/2012:09:50:53 +0000] "GET /novo/img/fundoTituloTrabalho.png HTTP/1.1" 200 3518 "http://www.ielider.com.br/novo/css/index.css" "Mozilla/5.0 (Windows NT 5.1; rv:9.0.1) Gecko/20100101 Firefox/9.0.1"
187.4.8.89 - - [16/Feb/2012:09:50:53 +0000] "GET /novo/img/txtRodape.png HTTP/1.1" 200 9679 "http://www.ielider.com.br/novo/" "Mozilla/5.0 (Windows NT 5.1; rv:9.0.1) Gecko/20100101 Firefox/9.0.1"
187.4.8.89 - - [16/Feb/2012:09:50:53 +0000] "GET /novo/img/logoF2pro.png HTTP/1.1" 200 4188 "http://www.ielider.com.br/novo/" "Mozilla/5.0 (Windows NT 5.1; rv:9.0.1) Gecko/20100101 Firefox/9.0.1"
187.4.8.89 - - [16/Feb/2012:09:50:53 +0000] "GET /novo/img/fundo_rodape.png HTTP/1.1" 200 3577 "http://www.ielider.com.br/novo/css/estilo.css" "Mozilla/5.0 (Windows NT 5.1; rv:9.0.1) Gecko/20100101 Firefox/9.0.1"
187.4.8.89 - - [16/Feb/2012:09:50:54 +0000] "GET /novo/img/imgTopo.jpg HTTP/1.1" 200 77057 "http://www.ielider.com.br/novo/css/estilo.css" "Mozilla/5.0 (Windows NT 5.1; rv:9.0.1) Gecko/20100101 Firefox/9.0.1"
187.4.8.89 - - [16/Feb/2012:09:51:03 +0000] "GET /novo/img/tituloLinksUteisAtivo.png HTTP/1.1" 200 418 "http://www.ielider.com.br/novo/" "Mozilla/5.0 (Windows NT 5.1; rv:9.0.1) Gecko/20100101 Firefox/9.0.1"
187.4.8.89 - - [16/Feb/2012:09:51:03 +0000] "GET /novo/img/tituloEmpresaAtivo.png HTTP/1.1" 200 415 "http://www.ielider.com.br/novo/" "Mozilla/5.0 (Windows NT 5.1; rv:9.0.1) Gecko/20100101 Firefox/9.0.1"
187.4.8.89 - - [16/Feb/2012:09:51:03 +0000] "GET /novo/img/tituloLinksUteisAtivo.png HTTP/1.1" 200 418 "http://www.ielider.com.br/novo/" "Mozilla/5.0 (Windows NT 5.1; rv:9.0.1) Gecko/20100101 Firefox/9.0.1"
187.4.8.89 - - [16/Feb/2012:09:51:09 +0000] "GET /novo/orcamento.php?pag=orcamento HTTP/1.1" 200 20351 "http://www.ielider.com.br/novo/noticia/18/Instituto%20Tecnológico%20Vale%20.html" "Mozilla/4.0 (compatible; MSIE 8.0; Windows NT 5.1; Trident/4.0)"
187.4.8.89 - - [16/Feb/2012:09:51:15 +0000] "GET /novo/verNoticias.php?pag=noticias&not=17 HTTP/1.1" 200 12488 "http://www.ielider.com.br/novo/" "Mozilla/5.0 (Windows NT 5.1; rv:9.0.1) Gecko/20100101 Firefox/9.0.1"
187.4.8.89 - - [16/Feb/2012:09:51:16 +0000] "GET /novo/img/voltar.jpg HTTP/1.1" 200 1353 "http://www.ielider.com.br/novo/noticia/17/Integra%C3%A7%C3%A3o%20ao%20sistema%20brasileiro.html" "Mozilla/5.0 (Windows NT 5.1; rv:9.0.1) Gecko/20100101 Firefox/9.0.1"
187.4.8.89 - - [16/Feb/2012:09:51:16 +0000] "GET /novo/css/noticias.css HTTP/1.1" 200 2280 "http://www.ielider.com.br/novo/noticia/17/Integra%C3%A7%C3%A3o%20ao%20sistema%20brasileiro.html" "Mozilla/5.0 (Windows NT 5.1; rv:9.0.1) Gecko/20100101 Firefox/9.0.1"
187.4.8.89 - - [16/Feb/2012:09:51:16 +0000] "GET /novo/css/lightbox/jquery.lightbox-0.5.css HTTP/1.1" 200 3166 "http://www.ielider.com.br/novo/noticia/17/Integra%C3%A7%C3%A3o%20ao%20sistema%20brasileiro.html" "Mozilla/5.0 (Windows NT 5.1; rv:9.0.1) Gecko/20100101 Firefox/9.0.1"
187.4.8.89 - - [16/Feb/2012:09:51:17 +0000] "GET /novo/js/jquery-1.4.2.min.js HTTP/1.1" 200 73074 "http://www.ielider.com.br/novo/noticia/17/Integra%C3%A7%C3%A3o%20ao%20sistema%20brasileiro.html" "Mozilla/5.0 (Windows NT 5.1; rv:9.0.1) Gecko/20100101 Firefox/9.0.1"
187.4.8.89 - - [16/Feb/2012:09:51:18 +0000] "GET /novo/js/lightbox/jquery.lightbox-0.5.js HTTP/1.1" 200 21106 "http://www.ielider.com.br/novo/noticia/17/Integra%C3%A7%C3%A3o%20ao%20sistema%20brasileiro.html" "Mozilla/5.0 (Windows NT 5.1; rv:9.0.1) Gecko/20100101 Firefox/9.0.1"
187.4.8.89 - - [16/Feb/2012:09:51:18 +0000] "GET /novo/img/fundoImgEmpresa.jpg HTTP/1.1" 200 2360 "http://www.ielider.com.br/novo/css/noticias.css" "Mozilla/5.0 (Windows NT 5.1; rv:9.0.1) Gecko/20100101 Firefox/9.0.1"
187.4.8.89 - - [16/Feb/2012:09:51:26 +0000] "GET /novo/index.php HTTP/1.1" 200 32936 "-" "Mozilla/5.0 (Windows NT 5.1; rv:9.0.1) Gecko/20100101 Firefox/9.0.1"
187.4.8.89 - - [16/Feb/2012:09:51:35 +0000] "GET /novo/img/tituloEmpresaAtivo.png HTTP/1.1" 200 415 "http://www.ielider.com.br/novo/" "Mozilla/5.0 (Windows NT 5.1; rv:9.0.1) Gecko/20100101 Firefox/9.0.1"
187.4.8.89 - - [16/Feb/2012:09:51:59 +0000] "GET /novo/noticias.php?pag=noticias&paginacao=1 HTTP/1.1" 200 13074 "http://www.ielider.com.br/novo/orcamento.html" "Mozilla/4.0 (compatible; MSIE 8.0; Windows NT 5.1; Trident/4.0)"
187.4.8.89 - - [16/Feb/2012:09:52:02 +0000] "GET /novo/orcamento.php?pag=orcamento HTTP/1.1" 200 20316 "http://www.ielider.com.br/novo/1/noticias.html" "Mozilla/4.0 (compatible; MSIE 8.0; Windows NT 5.1; Trident/4.0)"
187.4.8.89 - - [16/Feb/2012:09:52:16 +0000] "GET /novo/noticias.php?pag=noticias&paginacao=1 HTTP/1.1" 200 13074 "http://www.ielider.com.br/novo/orcamento.html" "Mozilla/4.0 (compatible; MSIE 8.0; Windows NT 5.1; Trident/4.0)"
187.4.8.89 - - [16/Feb/2012:09:52:21 +0000] "GET /novo/contato.php?pag=contato HTTP/1.1" 200 21838 "http://www.ielider.com.br/novo/1/noticias.html" "Mozilla/4.0 (compatible; MSIE 8.0; Windows NT 5.1; Trident/4.0)"
187.4.8.89 - - [16/Feb/2012:09:52:25 +0000] "GET /novo/orcamento.php?pag=orcamento HTTP/1.1" 200 20313 "http://www.ielider.com.br/novo/contato.html" "Mozilla/4.0 (compatible; MSIE 8.0; Windows NT 5.1; Trident/4.0)"
187.4.8.89 - - [16/Feb/2012:09:53:00 +0000] "GET /novo/orcamento.php?pag=orcamento HTTP/1.1" 200 20049 "http://www.ielider.com.br/novo/contato.html" "Mozilla/4.0 (compatible; MSIE 8.0; Windows NT 5.1; Trident/4.0)"
150.70.75.33 - - [16/Feb/2012:09:53:23 +0000] "GET /novo/verServicos.php?pag=servicos&ser=14 HTTP/1.0" 200 10092 "-" "Mozilla/4.0 (compatible; MSIE 6.0; Windows NT 5.1)"
150.70.75.33 - - [16/Feb/2012:09:53:30 +0000] "GET /novo/clientes.php?pag=clientes&paginacao=1 HTTP/1.0" 200 12129 "-" "Mozilla/4.0 (compatible; MSIE 6.0; Windows NT 5.1)"
187.4.8.89 - - [16/Feb/2012:09:53:50 +0000] "GET /novo/contato.php?pag=contato HTTP/1.1" 200 22441 "http://www.ielider.com.br/novo/orcamento.html" "Mozilla/4.0 (compatible; MSIE 8.0; Windows NT 5.1; Trident/4.0)"
150.70.75.33 - - [16/Feb/2012:09:54:39 +0000] "GET /novo/js/caroussel/jquery.jcarousel.min.js HTTP/1.0" 200 16478 "-" "Mozilla/4.0 (compatible; MSIE 6.0; Windows NT 5.1)"
150.70.75.33 - - [16/Feb/2012:09:54:40 +0000] "GET /novo/js/lightbox/jquery.lightbox-0.5.js HTTP/1.0" 200 20852 "-" "Mozilla/4.0 (compatible; MSIE 6.0; Windows NT 5.1)"
150.70.75.33 - - [16/Feb/2012:09:54:40 +0000] "GET /novo/js/jquery-1.4.2.min.js HTTP/1.0" 200 72820 "-" "Mozilla/4.0 (compatible; MSIE 6.0; Windows NT 5.1)"
187.85.129.35 - - [16/Feb/2012:09:54:48 +0000] "GET /novo/css/estilo.css HTTP/1.0" 304 835 "http://www.ielider.com.br/novo/" "Mozilla/5.0 (Windows NT 6.1; rv:10.0.1) Gecko/20100101 Firefox/10.0.1"
187.85.129.35 - - [16/Feb/2012:09:54:48 +0000] "GET /novo/img/logoLider.png HTTP/1.0" 304 853 "http://www.ielider.com.br/novo/" "Mozilla/5.0 (Windows NT 6.1; rv:10.0.1) Gecko/20100101 Firefox/10.0.1"
187.85.129.35 - - [16/Feb/2012:09:54:48 +0000] "GET /novo/css/index.css HTTP/1.0" 304 834 "http://www.ielider.com.br/novo/" "Mozilla/5.0 (Windows NT 6.1; rv:10.0.1) Gecko/20100101 Firefox/10.0.1"
187.85.129.35 - - [16/Feb/2012:09:54:48 +0000] "GET /novo/img/menuServicos.png HTTP/1.0" 304 856 "http://www.ielider.com.br/novo/" "Mozilla/5.0 (Windows NT 6.1; rv:10.0.1) Gecko/20100101 Firefox/10.0.1"
187.85.129.35 - - [16/Feb/2012:09:54:48 +0000] "GET /novo/img/menuHome.png HTTP/1.0" 304 852 "http://www.ielider.com.br/novo/" "Mozilla/5.0 (Windows NT 6.1; rv:10.0.1) Gecko/20100101 Firefox/10.0.1"
187.85.129.35 - - [16/Feb/2012:09:54:48 +0000] "GET /novo/img/menuClientes.png HTTP/1.0" 304 856 "http://www.ielider.com.br/novo/" "Mozilla/5.0 (Windows NT 6.1; rv:10.0.1) Gecko/20100101 Firefox/10.0.1"
187.85.129.35 - - [16/Feb/2012:09:54:48 +0000] "GET /novo/img/menuNoticias.png HTTP/1.0" 304 856 "http://www.ielider.com.br/novo/" "Mozilla/5.0 (Windows NT 6.1; rv:10.0.1) Gecko/20100101 Firefox/10.0.1"
187.85.129.35 - - [16/Feb/2012:09:54:48 +0000] "GET /novo/img/menuOrcamento.png HTTP/1.0" 304 857 "http://www.ielider.com.br/novo/" "Mozilla/5.0 (Windows NT 6.1; rv:10.0.1) Gecko/20100101 Firefox/10.0.1"
187.85.129.35 - - [16/Feb/2012:09:54:48 +0000] "GET /novo/img/menuContato.png HTTP/1.0" 304 855 "http://www.ielider.com.br/novo/" "Mozilla/5.0 (Windows NT 6.1; rv:10.0.1) Gecko/20100101 Firefox/10.0.1"
187.85.129.35 - - [16/Feb/2012:09:54:48 +0000] "GET /novo/img/tituloEmpresa.png HTTP/1.0" 304 855 "http://www.ielider.com.br/novo/" "Mozilla/5.0 (Windows NT 6.1; rv:10.0.1) Gecko/20100101 Firefox/10.0.1"
187.85.129.35 - - [16/Feb/2012:09:54:48 +0000] "GET /novo/img/topoTopo.jpg HTTP/1.0" 304 866 "http://www.ielider.com.br/novo/css/estilo.css" "Mozilla/5.0 (Windows NT 6.1; rv:10.0.1) Gecko/20100101 Firefox/10.0.1"
187.85.129.35 - - [16/Feb/2012:09:54:48 +0000] "GET /novo/index.php HTTP/1.0" 200 33035 "-" "Mozilla/5.0 (Windows NT 6.1; rv:10.0.1) Gecko/20100101 Firefox/10.0.1"
187.85.129.35 - - [16/Feb/2012:09:54:48 +0000] "GET /novo/img/imgTopo.jpg HTTP/1.0" 304 865 "http://www.ielider.com.br/novo/css/estilo.css" "Mozilla/5.0 (Windows NT 6.1; rv:10.0.1) Gecko/20100101 Firefox/10.0.1"
187.85.129.35 - - [16/Feb/2012:09:54:48 +0000] "GET /novo/img/fundoNews.png HTTP/1.0" 304 866 "http://www.ielider.com.br/novo/css/index.css" "Mozilla/5.0 (Windows NT 6.1; rv:10.0.1) Gecko/20100101 Firefox/10.0.1"
187.85.129.35 - - [16/Feb/2012:09:54:48 +0000] "GET /novo/img/fundoMenu.png HTTP/1.0" 304 867 "http://www.ielider.com.br/novo/css/estilo.css" "Mozilla/5.0 (Windows NT 6.1; rv:10.0.1) Gecko/20100101 Firefox/10.0.1"
187.85.129.35 - - [16/Feb/2012:09:54:48 +0000] "GET /novo/gerenciador/documentos/pq_201202150517331000.jpg HTTP/1.0" 200 6695 "http://www.ielider.com.br/novo/" "Mozilla/5.0 (Windows NT 6.1; rv:10.0.1) Gecko/20100101 Firefox/10.0.1"
187.85.129.35 - - [16/Feb/2012:09:54:49 +0000] "GET /novo/gerenciador/documentos/pq_201202100530431000.jpg HTTP/1.0" 200 9716 "http://www.ielider.com.br/novo/" "Mozilla/5.0 (Windows NT 6.1; rv:10.0.1) Gecko/20100101 Firefox/10.0.1"
187.85.129.35 - - [16/Feb/2012:09:54:49 +0000] "GET /novo/img/tituloLinksUteis.png HTTP/1.0" 304 860 "http://www.ielider.com.br/novo/" "Mozilla/5.0 (Windows NT 6.1; rv:10.0.1) Gecko/20100101 Firefox/10.0.1"
187.85.129.35 - - [16/Feb/2012:09:54:49 +0000] "GET /novo/gerenciador/documentos/pq_201201310847551000.jpg HTTP/1.0" 304 882 "http://www.ielider.com.br/novo/" "Mozilla/5.0 (Windows NT 6.1; rv:10.0.1) Gecko/20100101 Firefox/10.0.1"
187.85.129.35 - - [16/Feb/2012:09:54:49 +0000] "GET /novo/gerenciador/documentos/pq_201112010336071000.jpg HTTP/1.0" 304 882 "http://www.ielider.com.br/novo/" "Mozilla/5.0 (Windows NT 6.1; rv:10.0.1) Gecko/20100101 Firefox/10.0.1"
187.85.129.35 - - [16/Feb/2012:09:54:49 +0000] "GET /novo/gerenciador/documentos/pq_201112010327481000.jpg HTTP/1.0" 304 884 "http://www.ielider.com.br/novo/" "Mozilla/5.0 (Windows NT 6.1; rv:10.0.1) Gecko/20100101 Firefox/10.0.1"
187.85.129.35 - - [16/Feb/2012:09:54:49 +0000] "GET /novo/img/fundoTrabalhos.jpg HTTP/1.0" 304 871 "http://www.ielider.com.br/novo/css/index.css" "Mozilla/5.0 (Windows NT 6.1; rv:10.0.1) Gecko/20100101 Firefox/10.0.1"
187.85.129.35 - - [16/Feb/2012:09:54:49 +0000] "GET /novo/img/fundoTituloTrabalho.png HTTP/1.0" 304 876 "http://www.ielider.com.br/novo/css/index.css" "Mozilla/5.0 (Windows NT 6.1; rv:10.0.1) Gecko/20100101 Firefox/10.0.1"
187.85.129.35 - - [16/Feb/2012:09:54:49 +0000] "GET /novo/gerenciador/documentos/pq_201111210132491000.jpg HTTP/1.0" 304 884 "http://www.ielider.com.br/novo/" "Mozilla/5.0 (Windows NT 6.1; rv:10.0.1) Gecko/20100101 Firefox/10.0.1"
187.85.129.35 - - [16/Feb/2012:09:54:49 +0000] "GET /novo/img/ponto.jpg HTTP/1.0" 304 849 "http://www.ielider.com.br/novo/" "Mozilla/5.0 (Windows NT 6.1; rv:10.0.1) Gecko/20100101 Firefox/10.0.1"
187.85.129.35 - - [16/Feb/2012:09:54:49 +0000] "GET /novo/img/txtRodape.png HTTP/1.0" 304 853 "http://www.ielider.com.br/novo/" "Mozilla/5.0 (Windows NT 6.1; rv:10.0.1) Gecko/20100101 Firefox/10.0.1"
187.85.129.35 - - [16/Feb/2012:09:54:49 +0000] "GET /novo/img/logoF2pro.png HTTP/1.0" 304 853 "http://www.ielider.com.br/novo/" "Mozilla/5.0 (Windows NT 6.1; rv:10.0.1) Gecko/20100101 Firefox/10.0.1"
187.85.129.35 - - [16/Feb/2012:09:54:49 +0000] "GET /novo/img/fundo_rodape.png HTTP/1.0" 304 870 "http://www.ielider.com.br/novo/css/estilo.css" "Mozilla/5.0 (Windows NT 6.1; rv:10.0.1) Gecko/20100101 Firefox/10.0.1"
187.85.129.35 - - [16/Feb/2012:09:54:49 +0000] "GET /novo/img/favicon.ico HTTP/1.0" 304 809 "-" "Mozilla/5.0 (Windows NT 6.1; rv:10.0.1) Gecko/20100101 Firefox/10.0.1"
187.85.129.35 - - [16/Feb/2012:09:54:52 +0000] "GET /novo/contato.php?pag=contato HTTP/1.0" 200 22362 "http://www.ielider.com.br/novo/" "Mozilla/5.0 (Windows NT 6.1; rv:10.0.1) Gecko/20100101 Firefox/10.0.1"
187.85.129.35 - - [16/Feb/2012:09:54:52 +0000] "GET /novo/css/contato.css HTTP/1.0" 304 848 "http://www.ielider.com.br/novo/contato.html" "Mozilla/5.0 (Windows NT 6.1; rv:10.0.1) Gecko/20100101 Firefox/10.0.1"
150.70.75.33 - - [16/Feb/2012:09:54:52 +0000] "GET /novo/js/caroussel/jquery.jcarousel.min.js HTTP/1.0" 200 16478 "-" "Mozilla/4.0 (compatible; MSIE 6.0; Windows NT 5.1)"
187.85.129.35 - - [16/Feb/2012:09:54:52 +0000] "GET /novo/img/enviar.png HTTP/1.0" 304 862 "http://www.ielider.com.br/novo/contato.html" "Mozilla/5.0 (Windows NT 6.1; rv:10.0.1) Gecko/20100101 Firefox/10.0.1"
187.85.129.35 - - [16/Feb/2012:09:54:52 +0000] "GET /novo/img/fundoEstado.png HTTP/1.0" 304 870 "http://www.ielider.com.br/novo/css/contato.css" "Mozilla/5.0 (Windows NT 6.1; rv:10.0.1) Gecko/20100101 Firefox/10.0.1"
187.85.129.35 - - [16/Feb/2012:09:54:52 +0000] "GET /novo/img/fundoCampo.png HTTP/1.0" 304 869 "http://www.ielider.com.br/novo/css/contato.css" "Mozilla/5.0 (Windows NT 6.1; rv:10.0.1) Gecko/20100101 Firefox/10.0.1"
187.85.129.35 - - [16/Feb/2012:09:54:52 +0000] "GET /novo/img/fundoCidade.png HTTP/1.0" 304 870 "http://www.ielider.com.br/novo/css/contato.css" "Mozilla/5.0 (Windows NT 6.1; rv:10.0.1) Gecko/20100101 Firefox/10.0.1"
187.85.129.35 - - [16/Feb/2012:09:54:52 +0000] "GET /novo/img/fundoMensagem.png HTTP/1.0" 304 872 "http://www.ielider.com.br/novo/css/contato.css" "Mozilla/5.0 (Windows NT 6.1; rv:10.0.1) Gecko/20100101 Firefox/10.0.1"
187.85.129.35 - - [16/Feb/2012:09:54:52 +0000] "GET /novo/img/fundoCodigo.png HTTP/1.0" 304 870 "http://www.ielider.com.br/novo/css/contato.css" "Mozilla/5.0 (Windows NT 6.1; rv:10.0.1) Gecko/20100101 Firefox/10.0.1"
187.85.129.35 - - [16/Feb/2012:09:54:52 +0000] "GET /novo/img/campoImagem.png HTTP/1.0" 304 870 "http://www.ielider.com.br/novo/css/contato.css" "Mozilla/5.0 (Windows NT 6.1; rv:10.0.1) Gecko/20100101 Firefox/10.0.1"
187.85.129.35 - - [16/Feb/2012:09:54:52 +0000] "GET /novo/img/fundoMapa.png HTTP/1.0" 304 868 "http://www.ielider.com.br/novo/css/contato.css" "Mozilla/5.0 (Windows NT 6.1; rv:10.0.1) Gecko/20100101 Firefox/10.0.1"
150.70.172.104 - - [16/Feb/2012:09:54:52 +0000] "GET /novo/img/favicon.ico HTTP/1.0" 200 3953 "-" "Mozilla/4.0 (compatible; MSIE 6.0; Windows NT 5.1)"
150.70.172.104 - - [16/Feb/2012:09:54:57 +0000] "GET /novo/img/favicon.ico HTTP/1.0" 200 3953 "-" "Mozilla/4.0 (compatible; MSIE 6.0; Windows NT 5.1)"
187.4.8.89 - - [16/Feb/2012:09:54:57 +0000] "GET /novo/index.php?pag=index HTTP/1.1" 200 33152 "http://www.ielider.com.br/novo/contato.html" "Mozilla/4.0 (compatible; MSIE 8.0; Windows NT 5.1; Trident/4.0)"
187.4.8.89 - - [16/Feb/2012:09:55:00 +0000] "GET /novo/img/tituloEmpresaAtivo.png HTTP/1.1" 206 450 "http://www.ielider.com.br/novo/index.html" "Mozilla/4.0 (compatible; MSIE 8.0; Windows NT 5.1; Trident/4.0)"
187.4.8.89 - - [16/Feb/2012:09:55:02 +0000] "GET /novo/empresa.php?pag=empresa HTTP/1.1" 200 23308 "http://www.ielider.com.br/novo/index.html" "Mozilla/4.0 (compatible; MSIE 8.0; Windows NT 5.1; Trident/4.0)"
187.4.8.89 - - [16/Feb/2012:09:55:09 +0000] "GET /novo/gerenciador/documentos/gd_201111210121191000.jpg HTTP/1.1" 200 50011 "http://www.ielider.com.br/novo/empresa.html" "Mozilla/4.0 (compatible; MSIE 8.0; Windows NT 5.1; Trident/4.0)"
150.70.75.33 - - [16/Feb/2012:09:55:16 +0000] "GET /novo/empresa.php?pag=empresa HTTP/1.0" 200 22935 "-" "Mozilla/4.0 (compatible; MSIE 6.0; Windows NT 5.1)"
187.4.8.89 - - [16/Feb/2012:09:55:18 +0000] "GET /novo/contato.php?pag=contato HTTP/1.1" 200 22439 "http://www.ielider.com.br/novo/empresa.html" "Mozilla/4.0 (compatible; MSIE 8.0; Windows NT 5.1; Trident/4.0)"
187.85.129.35 - - [16/Feb/2012:09:55:21 +0000] "POST /novo/enviaContato.php HTTP/1.0" 200 1202 "http://www.ielider.com.br/novo/contato.html" "Mozilla/5.0 (Windows NT 6.1; rv:10.0.1) Gecko/20100101 Firefox/10.0.1"
187.85.129.35 - - [16/Feb/2012:09:55:21 +0000] "GET /favicon.ico HTTP/1.0" 404 2294 "-" "Mozilla/5.0 (Windows NT 6.1; rv:10.0.1) Gecko/20100101 Firefox/10.0.1"
187.85.129.35 - - [16/Feb/2012:09:55:21 +0000] "GET /novo/contato.php?erro=1&pag=contato HTTP/1.0" 200 22462 "http://www.ielider.com.br/novo/enviaContato.php" "Mozilla/5.0 (Windows NT 6.1; rv:10.0.1) Gecko/20100101 Firefox/10.0.1"
150.70.64.196 - - [16/Feb/2012:09:55:56 +0000] "GET /index.html HTTP/1.0" 200 994 "-" "Mozilla/4.0 (compatible; MSIE 6.0; Windows NT 5.1)"
187.85.129.35 - - [16/Feb/2012:09:57:11 +0000] "GET /novo/css/estilo.css HTTP/1.0" 304 847 "http://www.ielider.com.br/novo/erro/contato.html" "Mozilla/5.0 (Windows NT 6.1; rv:10.0.1) Gecko/20100101 Firefox/10.0.1"
187.85.129.35 - - [16/Feb/2012:09:57:11 +0000] "GET /novo/css/contato.css HTTP/1.0" 304 848 "http://www.ielider.com.br/novo/erro/contato.html" "Mozilla/5.0 (Windows NT 6.1; rv:10.0.1) Gecko/20100101 Firefox/10.0.1"
187.85.129.35 - - [16/Feb/2012:09:57:11 +0000] "GET /novo/contato.php?erro=1&pag=contato HTTP/1.0" 200 22457 "http://www.ielider.com.br/novo/enviaContato.php" "Mozilla/5.0 (Windows NT 6.1; rv:10.0.1) Gecko/20100101 Firefox/10.0.1"
187.85.129.35 - - [16/Feb/2012:09:57:11 +0000] "GET /novo/img/menuHome.png HTTP/1.0" 304 864 "http://www.ielider.com.br/novo/erro/contato.html" "Mozilla/5.0 (Windows NT 6.1; rv:10.0.1) Gecko/20100101 Firefox/10.0.1"
187.85.129.35 - - [16/Feb/2012:09:57:11 +0000] "GET /novo/img/logoLider.png HTTP/1.0" 304 865 "http://www.ielider.com.br/novo/erro/contato.html" "Mozilla/5.0 (Windows NT 6.1; rv:10.0.1) Gecko/20100101 Firefox/10.0.1"
187.85.129.35 - - [16/Feb/2012:09:57:11 +0000] "GET /novo/img/menuServicos.png HTTP/1.0" 304 868 "http://www.ielider.com.br/novo/erro/contato.html" "Mozilla/5.0 (Windows NT 6.1; rv:10.0.1) Gecko/20100101 Firefox/10.0.1"
187.85.129.35 - - [16/Feb/2012:09:57:11 +0000] "GET /novo/img/menuNoticias.png HTTP/1.0" 304 868 "http://www.ielider.com.br/novo/erro/contato.html" "Mozilla/5.0 (Windows NT 6.1; rv:10.0.1) Gecko/20100101 Firefox/10.0.1"
187.85.129.35 - - [16/Feb/2012:09:57:11 +0000] "GET /novo/img/menuClientes.png HTTP/1.0" 304 868 "http://www.ielider.com.br/novo/erro/contato.html" "Mozilla/5.0 (Windows NT 6.1; rv:10.0.1) Gecko/20100101 Firefox/10.0.1"
187.85.129.35 - - [16/Feb/2012:09:57:11 +0000] "GET /novo/img/enviar.png HTTP/1.0" 304 862 "http://www.ielider.com.br/novo/erro/contato.html" "Mozilla/5.0 (Windows NT 6.1; rv:10.0.1) Gecko/20100101 Firefox/10.0.1"
